5*s + 3*s. Determine z(q).
2
Let f(s) = 2*s**2 + 21*s - 17. Let x(q) = 3*q**2 + 31*q - 26. Let h(p) = 7*f(p) - 5*x(p). Determine h(-8).
11
Let v(n) be the first derivative of n**3/3 + 2*n**2 + 4*n - 3. Let k = 1 - 4. Give v(k).
1
Let b = 2 + -3. Let z(p) = -9*p**2 - 2*p - 1. Let i(x) = 10*x**2 + 2*x + 1. Let h(c) = -6*i(c) - 7*z(c). Let w be h(b). Let q(a) = -2*a + 3. Determine q(w).
-1
Suppose 7*i = 4*i - 6. Let f be ((-6)/(-3))/(-2) - -3. Let d be f - (i + 3)*-1. Let y(b) = -b**3 + 2*b**2 + 3*b - 4. Determine y(d).
-4
Let v be -7 + (2 - 5/(-5)). Let b(m) = -2*m - 2. Determine b(v).
6
Let c be (1*4/(-2))/2. Let v(n) be the first derivative of -1/2*n**2 + 0*n**3 - 2 + 0*n + 1/4*n**4. Determine v(c).
0
Let z(v) be the second derivative of v**6/360 - v**5/120 + 5*v**3/6 + 4*v. Let t(k) be the second derivative of z(k). What is t(3)?
6
Let p(i) be the third derivative of i**6/120 + i**5/15 - i**4/6 - 2*i**3/3 - i**2. Let g(a) = a**3 - 14*a**2 - 2*a + 23. Let b be g(14). What is p(b)?
-9
Let f(j) = 3*j**3 + 3*j**2 - 2*j**3 - 3*j + 0*j**3 + j. Suppose 0 = -l - 5 + 2. Give f(l).
6
Let x(l) = -5*l**2 - 5*l. Let y = 38 - 32. Let t(o) be the third derivative of -o**5/15 - o**4/6 + o**2. Let v(s) = y*t(s) - 5*x(s). What is v(2)?
6
Let f be 1 + (0 - -2)*25. Let j = 96 - f. Let k(b) = 1 + 49*b**2 + 4 - j*b**2 - b**3 - 3*b. Calculate k(4).
-7
Let s(k) = 5*k + 3*k**2 + 1 - 5 - 2 - k**3. Suppose -2*i + 3 + 5 = 0. Give s(i).
-2
Let d(i) = i**2 - i - 1. Let x(h) = 3*h**2 - 4*h - 4. Let c(b) = -2*d(b) + x(b). Calculate c(3).
1
Suppose 0 = -3*c + 7 - 1. Let w = 4 - c. Let i(t) = 3*t - 2. What is i(w)?
4
Let v(y) = -y**2 + 5*y**2 - 2*y + y - 6*y**2. Give v(-2).
-6
Let k(f) = 2*f + 5. Let o(t) = 4*t + 11. Let s(i) = 14*k(i) - 6*o(i). Determine s(-4).
-12
Let m(r) = -r**2 - 4*r + 5. Let c = 9 + -15. Calculate m(c).
-7
Let j(d) be the third derivative of 0 + 5*d**2 + 2*d**3 + 0*d - 1/24*d**4. Determine j(0).
12
Let k(v) be the third derivative of 0*v + 5/6*v**3 - 2*v**2 + 0 + 5/24*v**4 + 1/60*v**5. Calculate k(-6).
11
Let c = 16 + -10. Suppose 2*b + 3*n - 4*n = -3, 0 = 2*n + c. Let h be b + 3 - (-4 + 0). Let q(g) = 2*g - 4. What is q(h)?
4
Let c(x) = x**2 - 1. Let t(g) = -3*g**2 - 6*g + 4. Let v(z) = 2*c(z) + t(z). What is v(-5)?
7
Let p(g) = 5*g + 5. Let h = -49 + 44. Calculate p(h).
-20
Let r(n) be the second derivative of -n**5/20 + n**4/6 - n**3/3 + n**2/2 + 21*n. What is r(3)?
-14
Let l be 4 + 1 + (2 - 1). Let j(u) = -u + 3. Determine j(l).
-3
Let s(u) = 2*u - 9. Suppose 4*l - 280 + 68 = 0. Let x be l - (0 - (6 + -3)). Let v be (-4)/18 - x/(-9). What is s(v)?
3
Let b(l) = l**3 + 5*l**2 + l + 7. Suppose 0 = 5*y - 2*g - 23 - 112, -4*y - g + 108 = 0. Suppose 2 - y = 5*o. Determine b(o).
2
Let s(a) = 3*a - 1. Let k be s(1). Suppose l = k*l + 2. Let h(n) = -n**3 + 4*n + 3. What is h(l)?
3
Let u(y) = y - 9. Let s be (-63)/(-6) - 1/2. Suppose 2*v = -4*n, -5*n - v + s = 4*v. Let x be n + (6 - 1) - -2. Calculate u(x).
-4
Let t(p) = p**2 + 4*p + 5. Let l(o) = o**2 - o + 1. Let a = -4 + 2. Let q(k) = a*l(k) + t(k). Give q(6).
3
Let o be ((-8)/10)/((-2)/5). Let g(a) = 3*a + o*a - a - 7 + a**2. Let r = -9 + 4. Give g(r).
-2
Let d(p) = p**3 + 7*p**2 + 6*p + 1. Let k be (-6)/(-5)*5/(-1). Let z be d(k). Let f(y) be the first derivative of -3*y**2 + 1. Give f(z).
-6
Let u(s) = -s - 1. Let m(h) = -1. Let x(y) = -3*m(y) - u(y). Give x(0).
4
Let l(b) = 7*b**3 + 17*b**2 - 15*b + 11. Let m be (8/(-12))/(2/(-27)). Let p(x) = -3*x**3 - 8*x**2 + 7*x - 5. Let c(o) = m*p(o) + 4*l(o). Give c(2).
-3
Let w(p) = p**2 + 2*p**2 - 2*p**3 + p**3 + 3 - 3*p. Let j be 6/3 + 1/1. What is w(j)?
-6
Let i be 5 - (0 - (-1)/1). Let m(v) = v + i*v + 30 - 30 + v**2. Give m(-5).
0
Let h(f) = f**3 - 6*f**2 - 6*f - 6. Let t be h(7). Let m(l) be the first derivative of -5*l**3/3 - l**2/2 + l - 4. What is m(t)?
-5
Let t(l) = 2*l**3 - 4*l**2 + l + 2. Let o be t(2). Let a(h) = -4*h**2 - h**2 + 6*h**2 - o - 4*h. Calculate a(-3).
17
Let i(n) be the second derivative of -5/2*n**2 - 6*n + 2/3*n**3 + 0 + 1/20*n**5 + 1/2*n**4. Calculate i(-5).
0
Suppose 9*p + 29 = -25. Let k(i) = i**2 + 6*i - 6. Calculate k(p).
-6
Let j be (15/6)/(1/2). Let v(m) = -m + 2*m - j - m - m. Calculate v(-5).
0
Suppose i = 12 - 16. Let w(y) = -3*y - 4. Let h be w(i). Let p(x) = -x + 4. Give p(h).
-4
Let w(h) = -h**3 - 3*h**2 + 2*h - 5. Let p be w(-4). Let k(i) be the third derivative of -i**5/60 + i**4/12 + i**3/6 - 4*i**2. Determine k(p).
-2
Let p(t) = 2*t. Let j(g) = 7*g + 3. Let z(c) = j(c) - 3*p(c). Determine z(-6).
-3
Let s be 104/20 - 1/5. Suppose -5*p - s = -0*p. Let g = p + -2. Let u(k) = k**2 + 2*k + 3. Give u(g).
6
Let j(k) = k**3 - 5*k**2 - 2*k - 3. Let o be ((-2)/6)/(1/(-30)). Suppose 5*t = 15 + o. Determine j(t).
-13
Suppose m - 3 + 0 = 0. Suppose m*p + 6 = -0*p. Let o(z) = 4 - 4 + 3*z. Give o(p).
-6
Let f(m) = m. Let c be f(2). Suppose 3*k = k + c. Let y(n) = 3*n + 1. Let h(l) = -4*l - 1. Let u(b) = 4*h(b) + 5*y(b). Determine u(k).
0
Let h = 4 - 2. Suppose -8 + 0 = -h*y. Let k(g) = -6*g - 4 + g - 1 + 2 + g**2. Determine k(y).
-7
Let b(c) = -c**2 + c + 1. Let y(h) = -h**3 - 4*h**2 - 4*h - 11. Let n(x) = -4*b(x) - y(x). Give n(-8).
7
Let n(m) = m**2 + m. Let b(u) = -u**2 - 2*u - 1. Let x(i) = -5*b(i) - 6*n(i). Determine x(5).
0
Let m(o) be the first derivative of -1/2*o**2 + 2 - 12*o. Give m(-7).
-5
Let d(p) be the second derivative of -p**4/12 - 2*p**3/3 + 5*p**2/2 - 2*p. Let f = -5 - -1. Let u be (-1)/f + 50/(-8). Give d(u).
-7
Let c(h) be the third derivative of -h**5/60 - 5*h**4/24 - h**3/2 + 35*h**2. Let t be 60/(-14) - 2/(-7). Determine c(t).
1
Let v(o) = -o - 4. Let z(x) = 9*x**3 + 21*x**2 - 7*x - 1. Let t(g) = -5*g**3 - 11*g**2 + 4*g. Let a(w) = -11*t(w) - 6*z(w). Let j be a(5). Calculate v(j).
0
Let n(x) = x**2 - x - 4. Let h(p) = 3*p - 3*p**3 - 2*p - p**3 + 3*p**3. Let v be h(0). Determine n(v).
-4
Let i(k) = -k**3 - k**2 + 4*k - 3. Let f = 6 - -3. Let r = f + -7. Give i(r).
-7
Let j = 4 - -3. Let q = 10 - j. Let g(p) = -p**2 + 2*p + 1. What is g(q)?
-2
Let g(s) = 4*s**2 - 1. Let r be g(1). Let n(x) = r - 2*x - 3 + 0. What is n(-2)?
4
Let b(r) = r**3 - 4*r**2 - 3*r + 4. Suppose 2*q + q = 4*j - 16, 5*j = -3*q - 34. Let c = -4 - q. What is b(c)?
-8
Let g(x) = 2*x**3 - x**2 + 8*x + 3. Let m(n) = -n**3 + 2*n**2 - 8*n - 3. Let o(t) = 2*g(t) + 3*m(t). Let p be (110/11)/(-1 + -1). Calculate o(p).
12
Let p(u) = -5*u**3 + 2*u**2 - 1. Suppose -v - 3*v = -4. Give p(v).
-4
Let b be (-6)/15 - 2/(-5). Suppose 0 = 3*q + q + 5*j, b = -3*q + 2*j. Let s(r) = q*r - r**3 + 4 - r**2 + 0 - r. Give s(0).
4
Let v(m) be the third derivative of m**7/2520 + m**6/240 - m**5/60 + 2*m**2. Let n(x) be the third derivative of v(x). Calculate n(-2).
-1
Let q(f) = -7*f - 5*f - 5 + 11*f. What is q(-5)?
0
Let u(j) = j**2 - 5*j + 4. Let l be ((-60)/16 - -4)*0. Suppose z + 3 = 0, l*m + 4*z = -4*m + 8. Give u(m).
4
Let y(z) = 4 + z**2 + 0*z**2 - 7*z + 1. Let f be y(7). Let a be 60/6*(-2)/f. Let k(l) = -l**3 - 3*l**2 + 4*l. Determine k(a).
0
Let f(v) = -5 - 4 + 4*v - 2*v - v. Calculate f(4).
-5
Let m = 57/260 - -2/65. Let o(q) be the first derivative of 5/3*q**3 + m*q**4 + 0*q**2 - q - 2. Calculate o(-5).
-1
Let u be 4/(-10) + (-12)/(-5). Let d(j) = 3*j - j - 2 + 0*j - 4*j + j**u. What is d(4)?
6
Let i(y) = y**2 - 8*y + 2. Let c be i(7). Let v(u) = u**2 + 4*u + 4. Determine v(c).
9
Let c = 18 + -19. Let a(y) = 7*y**3 + 5*y**2 + 3*y + 5. Let o(u) = -3*u**3 - 2*u**2 - u - 2. Let d(g) = 2*a(g) + 5*o(g). Calculate d(c).
0
Let l(h) = h**3 + 7*h**2 + h + 2. Let r(m) = -m**3 - 8*m**2 - 2*m - 2. Let v(g) = 5*l(g) + 4*r(g). Give v(-4).
-2
Let r(t) = -3*t - 12. Let n be r(-5). Suppose -2*k = 3*p + 2*p + 36, 0 = n*p - 4*k + 6. Let c(d) = d**2 + 8*d + 9. Calculate c(p).
-3
Let d(h) = -7*h - 12. Let f(q) = -q. Let a(s) = -d(s) + 6*f(s). Suppose -2*g = 4*k - 2, 5*k - 13 = 4*g + 22. Calculate a(g).
7
Let y(k) be the third derivative of k**5/60 + k**4/24 + k**3/6 + 2*k**2. Give y(-3).
7
Suppose n + 4*t + 92 = -2*n, 5*n + 135 = -3*t. Let g be n/(-4) + 0/1. Suppose -g*a - 12 = -2*a. Let j(r) = 2*r**2 + 3*r - 3. What is j(a)?
6
Suppose 5*t - 2 = 4*t. Let z(r) be the third derivative of -r**5/30 + r**4/8 + 2*r**2. Determine z(t).
-2
Let q(d) = 15 - 23 + d - 2*d. Let w be 1/(